{"id":37,"date":"2014-09-22T09:04:14","date_gmt":"2014-09-22T07:04:14","guid":{"rendered":"http:\/\/vrtec-dragatu.splet.arnes.si\/?page_id=37"},"modified":"2023-12-05T13:49:13","modified_gmt":"2023-12-05T12:49:13","slug":"priporocena-literatura","status":"publish","type":"page","link":"https:\/\/www.vrtec-dragatus.si\/?page_id=37","title":{"rendered":"Priporo\u010dena literatura"},"content":{"rendered":"<p><span style=\"color: #000080\"><strong>PRIPORO\u010cAMO VAM:<\/strong><\/span><\/p>\n<ul>\n<li><strong>&nbsp;<\/strong><span style=\"color: #000000\">Marko Juhant, Simona Levc: <\/span><span style=\"color: #000000\"><em><strong>VARUH OTROKOVIH DOL\u017dNOSTI: ALI NEHAJTE SE UKVARJATI Z OTROKOVIMI PRAVICAMI!<\/strong><\/em><\/span><\/li>\n<li><span style=\"color: #000000\">Bogdan \u017dor\u017e: <\/span><span style=\"color: #000000\"><strong><em>RAZVAJENOST: RAK SODOBNE DRU\u017dBE<\/em><\/strong><\/span><\/li>\n<li><span style=\"color: #000000\">Jan &#8211; Uwe Rogge: <\/span><span style=\"color: #000000\"><strong><em>MED POPUSTLJIVOSTJO IN STROGOSTJO: OTROCI POTREBUJEJO MEJE<\/em><\/strong><\/span><\/li>\n<li><span style=\"color: #000000\">Marja Strojin: <\/span><span style=\"color: #000000\"><strong><em>OTROCI POTREBUJEJO MEJO<\/em><\/strong><\/span><\/li>\n<li><span style=\"color: #000000\">William in Martha Sears: <\/span><span style=\"color: #000000\"><strong><em>USPE\u0160EN OTROK<\/em><\/strong><\/span><\/li>\n<li>Jasper Juul: <strong>OD VZGOJE DO ODNOSA avtenti\u010dni star\u0161i &#8211; kompetentni otroci; <\/strong><strong>SPO\u0160TOVANJE, ZAUPANJE IN LJUBEZEN: najpomembnej\u0161e, kar lahko damo otrokom; <\/strong><strong><em>TO SEM JAZ! KDO SI PA TI?<\/em><\/strong><\/li>\n<li>Daniel J. Siegel in Tina Payne Bryson: <strong>CELOSTNI RAZVOJ OTRO\u0160KIH MO\u017dGANOV; <\/strong><strong>&nbsp;<\/strong><strong>VZGOJA BREZ DRAME<\/strong><\/li>\n<li><strong>&nbsp;<\/strong><strong>&nbsp;<\/strong>Nevenka Podgornik: <strong>IZBRANA POT K OTROKOM<\/strong><\/li>\n<li>Katarina K, Erzar, Toma\u017e Erzar, Andreja Poljanec: <strong>MED DVEMA OGNJEMA, DRU\u017dINA V PRIME\u017dU GENERACIJ;&nbsp; RAHLO\u010cUTNOST DO OTROK<\/strong><\/li>\n<li>Margot Sunderland: <strong>ZNANOST O VZGOJI<\/strong><\/li>\n<li>Zoran Milivojevi\u010d: <strong>MALA KNJIGA ZA VELIKE STAR\u0160E<\/strong><\/li>\n<li>Elizabeth Pantley: <strong>Z OTROKOM LAHKO SODELUJETE;&nbsp;ABC ODLI\u010cNE VZGOJE<\/strong><\/li>\n<\/ul>\n<p>Razno:<\/p>\n<ul>\n<li>SMRT \u2013 \u017dALOVANJE, ve\u010d avtorjev<\/li>\n<li>DRAMA JE BITI OTROK, Alice Miller<\/li>\n<li>\u0160\u010cEPEC PREVENTIVE, Lawrence E. Shapiro<\/li>\n<li>\u010cUSTVENA INTELIGENCA OTROK, ZAKAJ SE DRU\u017dINE RAZIDEJO, Jane Bingham<\/li>\n<li>TO ZNAM \u017dE SAM, Ingrid Kluge<\/li>\n<\/ul>\n<p>&nbsp;<\/p>\n","protected":false},"excerpt":{"rendered":"<p>PRIPORO\u010cAMO VAM: &nbsp;Marko Juhant, Simona Levc: VARUH OTROKOVIH DOL\u017dNOSTI: ALI NEHAJTE SE UKVARJATI Z OTROKOVIMI PRAVICAMI! Bogdan \u017dor\u017e: RAZVAJENOST: RAK SODOBNE DRU\u017dBE Jan &#8211; Uwe Rogge: MED POPUSTLJIVOSTJO IN STROGOSTJO: OTROCI POTREBUJEJO MEJE Marja Strojin: OTROCI POTREBUJEJO MEJO William in &hellip; <a href=\"https:\/\/www.vrtec-dragatus.si\/?page_id=37\">Beri naprej <span class=\"meta-nav\">&rarr;<\/span><\/a><\/p>\n","protected":false},"author":2787,"featured_media":0,"parent":0,"menu_order":0,"comment_status":"open","ping_status":"open","template":"","meta":{"ngg_post_thumbnail":0,"footnotes":"","_expiration-date-status":"","_expiration-date":0,"_expiration-date-type":"","_expiration-date-categories":[],"_expiration-date-options":[]},"class_list":["post-37","page","type-page","status-publish","hentry"],"_links":{"self":[{"href":"https:\/\/www.vrtec-dragatus.si\/index.php?rest_route=\/wp\/v2\/pages\/37","targetHints":{"allow":["GET"]}}],"collection":[{"href":"https:\/\/www.vrtec-dragatus.si\/index.php?rest_route=\/wp\/v2\/pages"}],"about":[{"href":"https:\/\/www.vrtec-dragatus.si\/index.php?rest_route=\/wp\/v2\/types\/page"}],"author":[{"embeddable":true,"href":"https:\/\/www.vrtec-dragatus.si\/index.php?rest_route=\/wp\/v2\/users\/2787"}],"replies":[{"embeddable":true,"href":"https:\/\/www.vrtec-dragatus.si\/index.php?rest_route=%2Fwp%2Fv2%2Fcomments&post=37"}],"version-history":[{"count":9,"href":"https:\/\/www.vrtec-dragatus.si\/index.php?rest_route=\/wp\/v2\/pages\/37\/revisions"}],"predecessor-version":[{"id":23256,"href":"https:\/\/www.vrtec-dragatus.si\/index.php?rest_route=\/wp\/v2\/pages\/37\/revisions\/23256"}],"wp:attachment":[{"href":"https:\/\/www.vrtec-dragatus.si\/index.php?rest_route=%2Fwp%2Fv2%2Fmedia&parent=37"}],"curies":[{"name":"wp","href":"https:\/\/api.w.org\/{rel}","templated":true}]}}