{"id":155,"date":"2014-09-26T13:15:08","date_gmt":"2014-09-26T11:15:08","guid":{"rendered":"http:\/\/vrtec-dragatu.splet.arnes.si\/?page_id=155"},"modified":"2024-10-03T09:49:34","modified_gmt":"2024-10-03T07:49:34","slug":"poslovalni-cas","status":"publish","type":"page","link":"https:\/\/www.vrtec-dragatus.si\/?page_id=155","title":{"rendered":"POSLOVALNI \u010cAS"},"content":{"rendered":"<p><span style=\"color: #000080\"><strong>POSLOVALNI \u010cAS: 5.15\u201316.00<\/strong><\/span><\/p>\n<p><span style=\"color: #000000\">Vrtec je odprt vse dni v letu, razen ob sobotah, nedeljah in praznikih. Program je predviden v trajanju najve\u010d 9 ur dnevno. Med po\u010ditnicami, ko je v vrtcu manj otrok, oddelke zaradi la\u017eje organizacije zdru\u017eujemo. Delo organiziramo glede na \u0161tevilo prijavljenih otrok, po predhodni pisni prijavi star\u0161ev<\/span>.<\/p>\n","protected":false},"excerpt":{"rendered":"<p>POSLOVALNI \u010cAS: 5.15\u201316.00 Vrtec je odprt vse dni v letu, razen ob sobotah, nedeljah in praznikih. Program je predviden v trajanju najve\u010d 9 ur dnevno. Med po\u010ditnicami, ko je v vrtcu manj otrok, oddelke zaradi la\u017eje organizacije zdru\u017eujemo. Delo organiziramo &hellip; <a href=\"https:\/\/www.vrtec-dragatus.si\/?page_id=155\">Beri naprej <span class=\"meta-nav\">&rarr;<\/span><\/a><\/p>\n","protected":false},"author":93194,"featured_media":0,"parent":0,"menu_order":0,"comment_status":"open","ping_status":"closed","template":"","meta":{"ngg_post_thumbnail":0,"footnotes":"","_expiration-date-status":"","_expiration-date":0,"_expiration-date-type":"","_expiration-date-categories":[],"_expiration-date-options":[]},"class_list":["post-155","page","type-page","status-publish","hentry"],"_links":{"self":[{"href":"https:\/\/www.vrtec-dragatus.si\/index.php?rest_route=\/wp\/v2\/pages\/155","targetHints":{"allow":["GET"]}}],"collection":[{"href":"https:\/\/www.vrtec-dragatus.si\/index.php?rest_route=\/wp\/v2\/pages"}],"about":[{"href":"https:\/\/www.vrtec-dragatus.si\/index.php?rest_route=\/wp\/v2\/types\/page"}],"author":[{"embeddable":true,"href":"https:\/\/www.vrtec-dragatus.si\/index.php?rest_route=\/wp\/v2\/users\/93194"}],"replies":[{"embeddable":true,"href":"https:\/\/www.vrtec-dragatus.si\/index.php?rest_route=%2Fwp%2Fv2%2Fcomments&post=155"}],"version-history":[{"count":4,"href":"https:\/\/www.vrtec-dragatus.si\/index.php?rest_route=\/wp\/v2\/pages\/155\/revisions"}],"predecessor-version":[{"id":16319,"href":"https:\/\/www.vrtec-dragatus.si\/index.php?rest_route=\/wp\/v2\/pages\/155\/revisions\/16319"}],"wp:attachment":[{"href":"https:\/\/www.vrtec-dragatus.si\/index.php?rest_route=%2Fwp%2Fv2%2Fmedia&parent=155"}],"curies":[{"name":"wp","href":"https:\/\/api.w.org\/{rel}","templated":true}]}}

POSLOVALNI ČAS

<p><span style="color: #000080"><strong>POSLOVALNI ČAS: 5.15–16.00</strong></span></p>
<p><span style="color: #000000">Vrtec je odprt vse dni v letu, razen ob sobotah, nedeljah in praznikih. Program je predviden v trajanju največ 9 ur dnevno. Med počitnicami, ko je v vrtcu manj otrok, oddelke zaradi lažje organizacije združujemo. Delo organiziramo glede na število prijavljenih otrok, po predhodni pisni prijavi staršev</span>.</p>

<p>POSLOVALNI ČAS: 5.15–16.00 Vrtec je odprt vse dni v letu, razen ob sobotah, nedeljah in praznikih. Program je predviden v trajanju največ 9 ur dnevno. Med počitnicami, ko je v vrtcu manj otrok, oddelke zaradi lažje organizacije združujemo. Delo organiziramo &hellip; <a href="https://www.vrtec-dragatus.si/?page_id=155">Beri naprej <span class="meta-nav">&rarr;</span></a></p>
