{"id":12,"date":"2014-09-22T08:56:52","date_gmt":"2014-09-22T06:56:52","guid":{"rendered":"http:\/\/vrtec-dragatu.splet.arnes.si\/?page_id=12"},"modified":"2026-02-23T07:03:36","modified_gmt":"2026-02-23T06:03:36","slug":"kontakti","status":"publish","type":"page","link":"https:\/\/www.vrtec-dragatus.si\/?page_id=12","title":{"rendered":"Kontakti"},"content":{"rendered":"<p><strong><span style=\"color: #000080\">ENOTA VRTCA PRI O\u0160 KOMANDANTA STANETA DRAGATU\u0160<\/span><\/strong><\/p>\n<p><span style=\"color: #000000\">DRAGATU\u0160 48, 8343 DRAGATU\u0160<\/span><\/p>\n<p><span style=\"color: #000000\">Ravnateljica: Sanela Majstorovi\u0107<\/span><\/p>\n<p><span style=\"color: #000000\">Pom. ravnatelja za vrtec: Ur\u0161ka Kova\u010di\u010d<\/span><\/p>\n<p><span style=\"color: #000000\">Svetovalna delavka: Silva Nagode<\/span><\/p>\n<p><span style=\"color: #000000\">Tajnica\/ra\u010dunovodkinja: Mateja Kav\u0161ek<\/span><\/p>\n<p><span style=\"color: #000000\">Ra\u010dunovodkinja\/tajnica: Margita Adami\u010d<\/span><\/p>\n<p><span style=\"color: #000000\">Organizatorica prehrane in zdravstveno-higienskega re\u017eima: Jo\u017eica Medve\u0161ek Grobov\u0161ek<br \/>\n<\/span><\/p>\n<p><span style=\"color: #000000\">Strokovne delavke: Barbara \u0160u\u0161tari\u010d, Alenka \u0160imec, Vesna No\u010d Pavlakovi\u010d, \u0160pela Adle\u0161i\u010d, Tadeja Kocjan \u017deljko, \u0160pela Garantini , Maru\u0161a Divjak<\/span><\/p>\n<p>Spremljevalka: Vanja Veseli\u010d<\/p>\n<p><strong><span style=\"color: #000000\">&nbsp;<\/span><span style=\"color: #000000\">Tel. \u0161tevilke:<\/span><\/strong><\/p>\n<p><span style=\"color: #000000\">(07) 30 57 810 &#8211; tajni\u0161tvo<\/span><\/p>\n<p>(07) 5555 818 &#8211; ra\u010dunovodstvo<\/p>\n<p>(07) 5555 815 &#8211; vrtec<\/p>\n<p>040 888362 &#8211; pomo\u010dnica ravnatelja za vrtec<\/p>\n<p><span style=\"color: #000000\">URADNE URE: po dogovoru<\/span><\/p>\n<p><span style=\"color: #000000\">E\u2013po\u0161ta:<\/span> <a href=\"mailto:vrtec.dragatus@guest.arnes.si\">vrtec.dragatus@guest.arnes.si<\/a><\/p>\n<p><span style=\"color: #000000\">Spletni naslov: <\/span>http:\/\/www.vrtec-dragatus.si<\/p>\n<p><span style=\"color: #000000\">\u017diro ra\u010dun: 01217 6030 647939<\/span><\/p>\n<p><span style=\"color: #000000\">ID za DDV: 83415394<\/span><\/p>\n","protected":false},"excerpt":{"rendered":"<p>ENOTA VRTCA PRI O\u0160 KOMANDANTA STANETA DRAGATU\u0160 DRAGATU\u0160 48, 8343 DRAGATU\u0160 Ravnateljica: Sanela Majstorovi\u0107 Pom. ravnatelja za vrtec: Ur\u0161ka Kova\u010di\u010d Svetovalna delavka: Silva Nagode Tajnica\/ra\u010dunovodkinja: Mateja Kav\u0161ek Ra\u010dunovodkinja\/tajnica: Margita Adami\u010d Organizatorica prehrane in zdravstveno-higienskega re\u017eima: Jo\u017eica Medve\u0161ek Grobov\u0161ek Strokovne delavke: &hellip; <a href=\"https:\/\/www.vrtec-dragatus.si\/?page_id=12\">Beri naprej <span class=\"meta-nav\">&rarr;<\/span><\/a><\/p>\n","protected":false},"author":93194,"featured_media":0,"parent":0,"menu_order":0,"comment_status":"open","ping_status":"closed","template":"","meta":{"ngg_post_thumbnail":0,"footnotes":"","_expiration-date-status":"","_expiration-date":0,"_expiration-date-type":"","_expiration-date-categories":[],"_expiration-date-options":[]},"class_list":["post-12","page","type-page","status-publish","hentry"],"_links":{"self":[{"href":"https:\/\/www.vrtec-dragatus.si\/index.php?rest_route=\/wp\/v2\/pages\/12","targetHints":{"allow":["GET"]}}],"collection":[{"href":"https:\/\/www.vrtec-dragatus.si\/index.php?rest_route=\/wp\/v2\/pages"}],"about":[{"href":"https:\/\/www.vrtec-dragatus.si\/index.php?rest_route=\/wp\/v2\/types\/page"}],"author":[{"embeddable":true,"href":"https:\/\/www.vrtec-dragatus.si\/index.php?rest_route=\/wp\/v2\/users\/93194"}],"replies":[{"embeddable":true,"href":"https:\/\/www.vrtec-dragatus.si\/index.php?rest_route=%2Fwp%2Fv2%2Fcomments&post=12"}],"version-history":[{"count":15,"href":"https:\/\/www.vrtec-dragatus.si\/index.php?rest_route=\/wp\/v2\/pages\/12\/revisions"}],"predecessor-version":[{"id":24846,"href":"https:\/\/www.vrtec-dragatus.si\/index.php?rest_route=\/wp\/v2\/pages\/12\/revisions\/24846"}],"wp:attachment":[{"href":"https:\/\/www.vrtec-dragatus.si\/index.php?rest_route=%2Fwp%2Fv2%2Fmedia&parent=12"}],"curies":[{"name":"wp","href":"https:\/\/api.w.org\/{rel}","templated":true}]}}

<p><strong><span style="color: #000080">ENOTA VRTCA PRI OŠ KOMANDANTA STANETA DRAGATUŠ</span></strong></p>
<p><span style="color: #000000">DRAGATUŠ 48, 8343 DRAGATUŠ</span></p>
<p><span style="color: #000000">Ravnateljica: Sanela Majstorović</span></p>
<p><span style="color: #000000">Pom. ravnatelja za vrtec: Urška Kovačič</span></p>
<p><span style="color: #000000">Svetovalna delavka: Silva Nagode</span></p>
<p><span style="color: #000000">Tajnica/računovodkinja: Mateja Kavšek</span></p>
<p><span style="color: #000000">Računovodkinja/tajnica: Margita Adamič</span></p>
<p><span style="color: #000000">Organizatorica prehrane in zdravstveno-higienskega režima: Jožica Medvešek Grobovšek<br />
</span></p>
<p><span style="color: #000000">Strokovne delavke: Barbara Šuštarič, Alenka Šimec, Vesna Noč Pavlakovič, Špela Adlešič, Tadeja Kocjan Željko, Špela Garantini , Maruša Divjak</span></p>
<p>Spremljevalka: Vanja Veselič</p>
<p><strong><span style="color: #000000">&nbsp;</span><span style="color: #000000">Tel. številke:</span></strong></p>
<p><span style="color: #000000">(07) 30 57 810 &#8211; tajništvo</span></p>
<p>(07) 5555 818 &#8211; računovodstvo</p>
<p>(07) 5555 815 &#8211; vrtec</p>
<p>040 888362 &#8211; pomočnica ravnatelja za vrtec</p>
<p><span style="color: #000000">URADNE URE: po dogovoru</span></p>
<p><span style="color: #000000">E–pošta:</span> <a href="mailto:vrtec.dragatus@guest.arnes.si">vrtec.dragatus@guest.arnes.si</a></p>
<p><span style="color: #000000">Spletni naslov: </span>http://www.vrtec-dragatus.si</p>
<p><span style="color: #000000">Žiro račun: 01217 6030 647939</span></p>
<p><span style="color: #000000">ID za DDV: 83415394</span></p>

<p>ENOTA VRTCA PRI OŠ KOMANDANTA STANETA DRAGATUŠ DRAGATUŠ 48, 8343 DRAGATUŠ Ravnateljica: Sanela Majstorović Pom. ravnatelja za vrtec: Urška Kovačič Svetovalna delavka: Silva Nagode Tajnica/računovodkinja: Mateja Kavšek Računovodkinja/tajnica: Margita Adamič Organizatorica prehrane in zdravstveno-higienskega režima: Jožica Medvešek Grobovšek Strokovne delavke: &hellip; <a href="https://www.vrtec-dragatus.si/?page_id=12">Beri naprej <span class="meta-nav">&rarr;</span></a></p>
